?
True
Is 285041 prime?
False
Is 92237 a composite number?
False
Is 79719 prime?
False
Is 244243 composite?
False
Is 14453 a prime number?
False
Is 896431 a composite number?
True
Is 17002 a composite number?
True
Is 251089 a prime number?
False
Is 3251 composite?
False
Is 618619 a composite number?
False
Is 987823 composite?
True
Is 75611 prime?
True
Is 43922 a composite number?
True
Is 71761 a composite number?
False
Is 70691 prime?
False
Is 839 prime?
True
Is 14441 a prime number?
False
Is 7427 prime?
False
Is 162389 a prime number?
True
Is 369407 composite?
False
Is 18041 composite?
False
Is 111589 a prime number?
False
Is 2536351 composite?
True
Is 4861 prime?
True
Is 73099 composite?
True
Is 8327 prime?
False
Is 23357 a composite number?
False
Is 246469 prime?
True
Is 80513 a prime number?
True
Is 133997 prime?
False
Is 1138901 a composite number?
False
Is 25649 a prime number?
False
Is 31087 composite?
True
Is 4629 composite?
True
Is 2581 prime?
False
Is 1714387 a composite number?
False
Is 27731 prime?
False
Is 205118 a prime number?
False
Is 1112603 a composite number?
True
Is 4099 a prime number?
True
Is 69653 prime?
True
Is 211417 prime?
False
Is 41401 prime?
False
Is 73721 composite?
False
Is 8663 prime?
True
Is 251 a prime number?
True
Is 4931 composite?
False
Is 161687 a prime number?
False
Is 3377 composite?
True
Is 434647 prime?
True
Is 29501 a prime number?
True
Is 48583 composite?
True
Is 453839 composite?
True
Is 5779 a prime number?
True
Is 525117 a composite number?
True
Is 372349 a prime number?
False
Is 3163 composite?
False
Is 92627 prime?
True
Is 11677 a composite number?
False
Is 49237 composite?
True
Is 8707 composite?
False
Is 257587 a composite number?
True
Is 8621 prime?
False
Is 4749 a composite number?
True
Is 129157 a prime number?
False
Is 170141 prime?
True
Is 561839 prime?
True
Is 292573 a composite number?
False
Is 5674 prime?
False
Is 108249 prime?
False
Is 217849 prime?
True
Is 3235 prime?
False
Is 84913 a composite number?
False
Is 14951 prime?
True
Is 42299 a composite number?
False
Is 10261 composite?
True
Is 3540677 a prime number?
False
Is 3031 a composite number?
True
Is 114293 composite?
True
Is 234791 composite?
False
Is 6821 composite?
True
Is 247183 a composite number?
False
Is 28507 a prime number?
False
Is 153413 prime?
False
Is 31709 composite?
True
Is 39953 composite?
False
Is 4435261 a composite number?
True
Is 89 composite?
False
Is 2119 a prime number?
False
Is 621047 composite?
True
Is 26473 a prime number?
False
Is 15901 a prime number?
True
Is 959917 a composite number?
True
Is 23969 a composite number?
True
Is 1597 prime?
True
Is 2609 a prime number?
True
Is 44903 a composite number?
True
Is 257053 a composite number?
False
Is 870011 a prime number?
False
Is 228154 a prime number?
False
Is 71371 prime?
False
Is 397209 a prime number?
False
Is 3203 a prime number?
True
Is 2951 a prime number?
False
Is 48973 composite?
False
Is 79133 a composite number?
False
Is 8614915 prime?
False
Is 17558 a composite number?
True
Is 93371 prime?
True
Is 138209 a composite number?
False
Is 473659 a composite number?
False
Is 5209 a composite number?
False
Is 57619 composite?
True
Is 75967 composite?
False
Is 77629 composite?
True
Is 634001 a composite number?
True
Is 51031 composite?
False
Is 118931 composite?
False
Is 15781 a prime number?
False
Is 59739 a prime number?
False
Is 472001 composite?
True
Is 14765 a prime number?
False
Is 565883 prime?
False
Is 646517 composite?
True
Is 38987 a prime number?
False
Is 1353917 a composite number?
False
Is 77537 prime?
False
Is 824339 prime?
True
Is 3389 a prime number?
True
Is 626927 a composite number?
True
Is 1184831 a composite number?
True
Is 20627 prime?
True
Is 180949 a composite number?
False
Is 381 a prime number?
False
Is 191 a prime number?
True
Is 89619 prime?
False
Is 5351 a prime number?
True
Is 147023 composite?
True
Is 343579 a prime number?
True
Is 4327 prime?
True
Is 59387 a composite number?
False
Is 561667 a composite number?
False
Is 2903 prime?
True
Is 3119 a composite number?
False
Is 23245 prime?
False
Is 2701 prime?
False
Is 39489 a composite number?
True
Is 3587 a composite number?
True
Is 8191 composite?
False
Is 32491 a composite number?
False
Is 315011 a composite number?
False
Is 89857 prime?
False
Is 68927 prime?
True
Is 56831 composite?
True
Is 1516805 a prime number?
False
Is 8509 a prime number?
False
Is 109447 a composite number?
True
Is 17639 a prime number?
False
Is 205885 a prime number?
False
Is 112951 prime?
True
Is 85361 composite?
False
Is 17378 a prime number?
False
Is 89413 composite?
False
Is 61862 prime?
False
Is 19289 prime?
True
Is 1750321 a prime number?
False
Is 1259 composite?
False
Is 51391 prime?
False
Is 2715313 a prime number?
True
Is 21179 a prime number?
True
Is 31957 prime?
True
Is 829 a prime number?
True
Is 78473 a prime number?
False
Is 380483 composite?
False
Is 45089 a composite number?
True
Is 1506335 a prime number?
False
Is 278627 composite?
False
Is 368507 composite?
False
Is 163138 composite?
True
Is 2971 a composite number?
False
Is 706403 a prime number?
True
Is 12373 composite?
False
Is 3166807 prime?
False
Is 34511 prime?
True
Is 136919 a prime number?
False
Is 541 composite?
False
Is 207367 prime?
True
Is 41359 prime?
False
Is 1598501 composite?
False
Is 137791 prime?
True
Is 727399 a prime number?
True
Is 3137 composite?
False
Is 5779 composite?
False
Is 700751 a composite number?
False
Is 4733637 composite?
True
Is 101485 composite?
True
Is 46157 a composite number?
True
Is 30017 composite?
True
Is 28801 a composite number?
True
Is 506999 composite?
False
Is 16909 composite?
True
Is 6593 a composite number?
True
Is 2819 composite?
False
Is 6585467 prime?
False
Is 304786 prime?
False
Is 67843 a prime number?
True
Is 26461 composite?
True
Is 24286 prime?
False
Is 68806 prime?
False
Is 166637 prime?
False
Is 676717 composite?
False
Is 46711 a composite number?
True
Is 15761 composite?
False
Is 6803 prime?
True
Is 483895 a composite number?
True
Is 20255 prime?
False
Is 45035 a prime number?
False
Is 38362 composite?
True
Is 17617 prime?
False
Is 695183 a prime number?
False
Is 4621 a composite number?
False
Is 21467 a prime number?
True
Is 172489 a composite number?
False
Is 101419 prime?
True
Is 186097 a composite number?
False
Is 516279 composite?
True
Is 20993 a prime number?
False
Is 6803 prime?
True
Is 642697 prime?
False
Is 107197 prime?
True
Is 563899 a composite number?
True
Is 61499 composite?
True
Is 261271 a prime number?
True
Is 341423 a prime number?
True
Is 851 a prime number?
False
Is 17521 composite?
True
Is 29377 composite?
True
Is 22799 a prime number?
False
Is 597433 composite?
False
Is 20981 a composite number?
False
Is 9326 composite?
True
Is 39683 a prime number?
False
Is 16127 composite?
False
Is 410573 a prime number?
False
Is 11051 prime?
False
Is 1715971 prime?
True
Is 19661 a composite number?
False
Is 8497 a prime number?
False
Is 3907 a prime number?
True
Is 2521 a composite number?
False
Is 7699 prime?
True
Is 93801 prime?
False
Is 146597 a prime number?
False
Is 42863 a composite number?
False
Is 2179 a prime number?
True
Is 5998 prime?
False
Is 1409 a composite number?
False
Is 93169 composite?
False
Is 1841 composite?
True
Is 21037 composite?
True
Is 1515089 a prime number?
True
Is 5935 prime?
False
Is 262165 a composite number?
True
Is 465841 a prime number?
True
Is 30737 composite?
True
Is 181921 a composite number?
True
Is 2533 composite?
True
Is 17149 prime?
False
Is 6779 a composite number?
False
Is 52729 a prime number?
False
Is 33 composite?
True
Is 259927 prime?
False
Is 281797 a prime number?
True
Is 4699 composite?
True
Is 928267 a composite number?
False
Is 86257 a composite number?
False
Is 9467 prime?
True
Is 637379 a composite number?
False
Is 497653 a prime number?
False
Is 456923 a prime number?
True
Is 106707 composite?
True
Is 37153 a composite number?
True
Is 953671 a prime number?
True
Is 281117 prime?
True
Is 81001 prime?
True
Is 5579 a composite number?
True
Is 849523 prime?
True
Is 60887 composite?
False
Is 10123 prime?
False
Is 4004965 composite?
True
Is 3989 a composite number?
False
Is 14597 prime?
False
Is 236519 prime?
Tr